(-10))/((-7)/140*-4)?
3
Let k(u) be the third derivative of -u**6/120 + 23*u**5/30 + 25*u**4/24 - 55*u**3/2 + 7*u**2 + 5*u. What is the hundreds digit of k(46)?
9
Let a(v) = -7*v**2 + 25 - 9 + 2*v + 3 - v**3 - 10*v. What is the units digit of a(-9)?
3
Suppose -2*u - 99*o + 6080 = -95*o, 0 = 5*u + o - 15164. What is the thousands digit of u?
3
Let h(v) = -471*v + 2560. What is the ten thousands digit of h(-89)?
4
Suppose -3*r = 0, -3*r + 4 = -4*k - 4*r. What is the tens digit of ((-11)/((-44)/13768))/((-2)/k)?
2
Let v be -3 - 1 - (2 + -12 + 1). Suppose v*f = 3*x + 321 + 1465, 0 = -2*f + x + 714. What is the hundreds digit of f?
3
Let o = 10528 - 3415. What is the units digit of o?
3
Let z(m) = 4347*m - 1671. What is the thousands digit of z(4)?
5
Let l = -7463 - -15506. What is the units digit of l?
3
Let z(i) = 673*i + 215. What is the units digit of z(6)?
3
Suppose -5*h - 2*z = 9, 7*h - 3*h = 4*z + 4. Let p be h/(-1) - (22 - -36). Let a = 20 - p. What is the units digit of a?
7
Let s = 116 - 112. Suppose -s*c - 2*d + 520 = -774, 2*c = -3*d + 645. What is the tens digit of c?
2
Let i be -13 + ((-12)/(-20) - 17/(-5)). Let v = -3 + 5. What is the tens digit of (-658)/21*i/v?
4
Let l = 83 + -23. What is the units digit of (-75 + -1)*l/(-15)?
4
Suppose -25270 - 40670 = -6*k. Suppose -11542 - k = -43*v. What is the units digit of v?
4
Let j = 528 - -469. What is the tens digit of j?
9
Suppose -3*a + 5*w + 1096 = 0, 4*a = -3*w - 116 + 1587. What is the units digit of a?
7
Suppose c = -8 + 7, 4*c = -2*r + 44776. What is the tens digit of r?
9
Let w be (-1 + -2 + 4)*(-91)/(-7). Let r(f) = -16 - 16*f - w + 9*f. What is the tens digit of r(-9)?
3
Let a(i) = i**3 + 33*i**2 - 12*i + 112. What is the thousands digit of a(-27)?
4
Let w be 8/10 - ((-18)/(-10) + 5). What is the units digit of (-3)/w*7*6?
1
Let r(q) = 5619*q**3 - 3*q**2 + 8*q - 7. What is the thousands digit of r(1)?
5
Let d be (36/(-8) + 0)*8/(-6). What is the tens digit of (d/15)/(4/520)?
5
Let l be (-5)/5 + (5552*1 - -1). Suppose 9*j - l = 2890. What is the hundreds digit of 9/12 - j/(-8)?
1
Suppose 1844466 + 525324 = 135*v. What is the hundreds digit of v?
5
Let a(q) = -9*q**3 - 4*q**2 - 14*q - 29. Let i be a(-7). Suppose 23*p = 15*p + i. What is the units digit of p?
0
Let s be 7*(-14 - 1) + 2. Let c = 217 + s. What is the hundreds digit of c/((-25)/10 + 3)?
2
Let h(r) = r**2 - 4*r - 13. Let x be h(-3). Let j be (7 - x)*(14 - 0). Let c = j + 86. What is the tens digit of c?
7
Suppose 0 = 2*y + n + 2*n + 195, -n = -2*y - 175. Let w = 941 + -873. Let u = w - y. What is the tens digit of u?
5
Suppose -4*d - 3*w + 5 = 0, w + 3*w = -20. Suppose 9*r - d*r + 8 = 0. What is the hundreds digit of (r/18)/(4/(-24))*276?
1
Suppose 0 = p + 4*h - h + 3, 2*p = 2*h - 30. Let x = 11 - -68. Let n = x - p. What is the units digit of n?
1
Let b = 90 - 74. Let k be ((-6)/(-8))/(b/64). Suppose 2*x = -2*j + 98, 5*j - 41 = 2*x - k*x. What is the units digit of x?
1
Let l be 1 + -93 - (-2)/(-1). Let h = l + 1354. What is the tens digit of h?
6
Suppose 0 = -3*n + 15, 2*g - 4*n + 638 = -8*n. Let a = g + 661. What is the hundreds digit of a?
3
Let b = 4698 + -74. What is the thousands digit of b?
4
Suppose -16 - 4 = 2*n. Let o(k) = -15*k + 12. Let q be o(n). Suppose -2*w = 4*c - q, -3*c = -2*c + 4*w - 58. What is the units digit of c?
8
Suppose 0 = o - 83 + 22. Let z = 62 - o. What is the tens digit of (1/z)/(7/238)?
3
Suppose -3 = 3*y + 3. Let f be 5/(30/(-51))*(y - 0). Let q = 38 - f. What is the tens digit of q?
2
Let t(m) = 2*m**2 + 29*m - 17. Let c(s) = 2*s**3 + 26*s**2 + 8*s + 87. Let p be c(-13). What is the units digit of t(p)?
8
Let u(c) = -42*c + 30. Suppose 6*v - 51 = -15. Let i be u(v). Let y = i + 312. What is the units digit of y?
0
Suppose 2*y = 4*b + 78694 - 13190, 0 = 3*y - 5*b - 98256. What is the ten thousands digit of y?
3
Suppose 5*x = -2*a + 8*x + 18, -5*x = 20. Suppose 5*v + 3743 = a*j, -3*j - v + 2938 + 835 = 0. What is the hundreds digit of j?
2
Suppose -2*v = -5*d + 20, 10*d + 16 = 5*v + 14*d. Suppose v = -4*x - 2904 + 9176. What is the hundreds digit of x?
5
Suppose 0 = -21*c + 20*c. Suppose c = 3*f - 1109 - 1471. What is the units digit of f?
0
Suppose 0 = -v - 8*o + 39, 5*v - 4*o - 521 = -62. Let b(z) = -118*z + 1. Let h be b(-1). Suppose -h = -2*g + v. What is the tens digit of g?
0
Suppose -49 = 2*b + 3*m, b - 153 = 5*b - 5*m. Let x = 22 + b. What is the units digit of (-734)/x + (-18)/45?
3
Suppose 54*f - 48*f = 1650. Let p = 348 - f. What is the units digit of p?
3
Let x be 14/(1 - -1) + -11 + 9. Suppose 2359 = 2*r - 5*u, x*r - 6*u + u - 5905 = 0. What is the tens digit of r?
8
Let y(n) = -32*n + 7 + 15*n + n - 178*n. What is the hundreds digit of y(-8)?
5
Suppose 3*a + 16 = a + 2*r, -1 = 2*a - 5*r. Let k(u) = 55 - 2*u**2 + 10*u - 14 - 23*u - 13*u. What is the units digit of k(a)?
1
What is the units digit of 3 + 148/(-52) - 10546578/(-234)?
1
Let r be (90/(-16))/(-1) + 3/8. Suppose -2920 = -r*m + 272. What is the hundreds digit of m?
5
Let k = -19 + 48. Suppose -u + 71 = 3*r, -u + k - 8 = r. What is the tens digit of r?
2
Let x = 218 + -213. Suppose 0 = -x*p + 3*j + 1380, 2*p - 5*p + 4*j + 839 = 0. What is the units digit of p?
3
Suppose -4*c + 32171 = 2*x - 6093, -5*x + 4*c + 95646 = 0. What is the tens digit of x?
3
Let x = 23465 - -1675. What is the hundreds digit of x?
1
Suppose 533*g = 538*g + 65. Let v(h) = h**2 + 2*h + 9. Let n be v(-7). What is the tens digit of g/((-4)/n*1)?
4
Suppose 0 = -4*f + 5*d + 32 - 7, -5*d = f. Let j be -4*f/20*-6. Let g(w) = 3*w**2 - 9*w + 11. What is the tens digit of g(j)?
6
Let c be 3/(-5 + (-91)/(-14)). Suppose 3*b + 5*i - 307 = 22, 420 = 4*b + c*i. What is the units digit of b?
3
Let t(m) = -4*m**3 - 16*m**2 - 22*m - 6. What is the thousands digit of t(-14)?
8
What is the thousands digit of ((-4)/10)/(2/(-5380)) - 232/(-116)?
1
Let f = 6276 + 2118. What is the thousands digit of f?
8
Suppose 299 = -5*r + 309. Suppose -s - 984 = -r*p, 3*p + 992 = 5*p - 3*s. What is the hundreds digit of p?
4
Suppose 1080 = -38*h + 1308. Let b = -1 - -2. What is the tens digit of (-763)/(-21) + h - b/3?
4
Suppose 15 = 3*h, -25 + 2 = 2*l + h. What is the hundreds digit of 1*(-1)/7 + (-12896)/l?
9
Let z(d) = 15*d + 2. Let o be z(3). Suppose -2*y + 4*y + 2*r = 30, -r = 5*y - 87. Suppose o = y*w - 17*w. What is the units digit of w?
7
Let x = -106 - -108. Let b(m) = m - 9. Let a be b(x). Let d(j) = -11*j - 10. What is the units digit of d(a)?
7
Suppose -q + 2*q = 3*o - 3652, -6092 = -5*o - q. Suppose 3*y + 339 - o = 0. Suppose -2*s - 5*g + 9 = -170, -y = -4*s + 3*g. What is the units digit of s?
7
Suppose -5*y + 45 = -0*f + f, 4*f = 3*y - 4. Let o = 10 - y. Suppose -o*q + 250 = -18. What is the hundreds digit of q?
1
Let f = 1665 - -2678. What is the hundreds digit of f?
3
Let f(d) be the first derivative of d**5/10 + d**4/2 - d**3 - 17*d**2/2 + 39. Let l(t) be the second derivative of f(t). What is the tens digit of l(-6)?
3
Suppose 33610 = 4*s + o, -5*s - 2*o + 35809 + 6199 = 0. What is the units digit of s?
4
Let i(u) = u + 20. Let j(l) = l**3 - 4*l**2 - 3*l. Let b be j(4). Let d be i(b). What is the units digit of -14*(-118)/18 + d/36?
2
Let b = -4337 + 6140. Suppose b = -9*w + 14070. What is the tens digit of w?
6
Let b(o) = o**2 + 2*o + 62. Let c be (-6 - -1)*(6 + -7). Suppose 3*m = -c*y, 2*m - y - y = 0. What is the tens digit of b(m)?
6
Let b(k) = 179*k**2 - 82*k - 503. What is the units digit of b(-8)?
9
Let x = 11981 - 9011. What is the units digit of x?
0
Suppose 4*b - 32*b = -40231 - 28873. What is the tens digit of b?
6
Let j(o) = -o**3 + 10*o**2 + 3*o + 4. Let v be j(11). Let i be (4/(-7))/(24/v) + 176. Suppose -5*r + 3*c = -i, -r - 4*c = 25 - 79. What is the tens digit of r?
3
Let o be 1 + -3 - (18 - 2). Let j(q) = q**3 - 5*q**2 + 5*q - 5. Let c be j(8). What is the tens digit of c/3 + (-6)/o?
7
Let o(p) = 13*p**2 - 716*p - 194. What is the ten thousands digit of o(70)?
1
Let y(u) = -6*u**2 - 11*u - 9. Let f be y(-7). Suppose -90 = 2*x + 2*h - 36, 0 = 5*x - 4*h + 162. Let p = x - f. What is the hundreds digit of p?
1
Let f be (0/1 - (-1235)/(-26))*-16. Suppose -3*b = 16*b - f. What is the units digit of b?
0
Let l = 379 + -177. Let d = l - 49. Su